(base 2) to base 12
1b582
Convert -11000001 (base 2) to base 3.
-21011
-b727 (base 14) to base 6
-402131
-242 (base 9) to base 12
-148
-c37 (base 13) to base 8
-4032
1420114 (base 5) to base 12
15029
Convert -2910 (base 11) to base 4.
-322302
-2121113 (base 4) to base 5
-303230
Convert -215444 (base 6) to base 5.
-1034400
What is 1115 (base 7) in base 14?
20c
Convert 146216 (base 8) to base 12.
2637a
-1940 (base 13) to base 10
-3770
Convert -72ba (base 15) to base 9.
-36234
-20302023 (base 4) to base 15
-a9d9
Convert 25269 (base 11) to base 9.
54652
-8b (base 13) to base 12
-97
What is -20b9 (base 16) in base 7?
-33265
Convert -10010223 (base 5) to base 13.
-29b47
6445 (base 11) to base 9
12615
Convert 37225 (base 9) to base 7.
132542
What is -c219 (base 13) in base 8?
-64144
Convert 45131 (base 8) to base 12.
b021
What is 845 (base 12) in base 7?
3341
5668 (base 10) to base 7
22345
Convert -1010110 (base 2) to base 6.
-222
1151 (base 8) to base 7
1541
Convert -34332 (base 5) to base 10.
-2467
What is -12852 (base 9) in base 8?
-21012
315 (base 11) to base 12
277
What is -105132 (base 6) in base 11?
-6772
What is 255 (base 6) in base 5?
412
Convert -889 (base 12) to base 15.
-58c
What is -4b2 (base 13) in base 8?
-1465
123001 (base 4) to base 9
2331
What is 1444333 (base 5) in base 16?
79f2
Convert -8231 (base 10) to base 6.
-102035
What is -3bec (base 16) in base 13?
-6ca0
What is -703 (base 13) in base 16?
-4a2
Convert 121c (base 14) to base 2.
110001011010
What is -7722 (base 14) in base 4?
-11002002
What is 264 (base 11) in base 5?
2222
What is 51788 (base 9) in base 12?
17945
What is -3355 (base 8) in base 12?
-1039
201111 (base 3) to base 16
20e
What is 1121120 (base 3) in base 16?
498
231003 (base 4) to base 9
3853
Convert -2321213 (base 4) to base 3.
-121021222
What is 1969 (base 15) in base 13?
2670
-2125 (base 7) to base 11
-626
Convert -1211102121 (base 3) to base 9.
-54377
Convert bb36 (base 13) to base 6.
320411
Convert -368 (base 15) to base 9.
-1048
What is -10134 (base 5) in base 15?
-2e9
What is 301121 (base 4) in base 12?
19b5
What is -8d2 (base 15) in base 6?
-13125
Convert -26217 (base 12) to base 8.
-145663
20432 (base 6) to base 9
3702
-10012100 (base 3) to base 9
-3170
274a (base 11) to base 8
6753
What is -132233 (base 4) in base 7?
-5510
Convert -1176 (base 10) to base 6.
-5240
Convert -147 (base 15) to base 13.
-196
What is -861 (base 11) in base 2?
-10000001011
What is -271 (base 15) in base 2?
-1000101100
What is -2d (base 14) in base 3?
-1112
1101121 (base 3) to base 5
13030
Convert 2121 (base 6) to base 14.
265
What is -37 (base 12) in base 7?
-61
-153c (base 16) to base 7
-21564
210210 (base 3) to base 8
1114
Convert 201021 (base 4) to base 15.
966
1943 (base 10) to base 16
797
What is -416 (base 9) in base 16?
-153
Convert 111100101101 (base 2) to base 10.
3885
What is -343 (base 8) in base 16?
-e3
-2522 (base 6) to base 8
-1162
Convert -1b1 (base 12) to base 3.
-101021
What is 213 (base 9) in base 15?
b9
What is 60024 (base 7) in base 6?
150440
Convert 3b3 (base 16) to base 3.
1022002
101111111001 (base 2) to base 16
bf9
Convert -721e (base 15) to base 8.
-57050
Convert -3a (base 16) to base 9.
-64
What is 58 (base 13) in base 16?
49
4341 (base 5) to base 2
1001010100
7532 (base 14) to base 13
9294
What is -63 (base 13) in base 7?
-144
What is -5891 (base 15) in base 11?
-13151
1100111000 (base 2) to base 3
1010112
What is -13b7 (base 13) in base 7?
-11215
What is -188 (base 14) in base 6?
-1244
-1545 (base 6) to base 4
-12221
Convert 13ac8 (base 15) to base 13.
229b8
4176 (base 9) to base 8
5772
Convert 15128 (base 9) to base 4.
2201021
What is 344 (base 13) in base 7?
1433
Convert 8a (base 15) to base 6.
334
1ce (base 15) to base 7
1136
Convert -11023 (base 5) to base 12.
-537
Convert -196 (base 15) to base 16.
-16e
3143 (base 7) to base 3
1112002
389c (base 14) to base 11
7515
What is -11212210 (base 3) in base 5?
-103213
-2000 (base 4) to base 3
-11202
-13369 (base 10) to base 13
-6115
5452 (base 6) to base 7
3443
378 (base 13) to base 5
4411
Convert 1658 (base 12) to base 15.
bc5
Convert 3123 (base 6) to base 7.
2016
3cb (base 15) to base 16
362
What is -752d (base 15) in base 7?
-132166
Convert -284 (base 15) to base 6.
-2354
What is 144201 (base 5) in base 14?
2372
-381 (base 10) to base 4
-11331
-100 (base 7) to base 12
-41
What is 202111 (base 3) in base 5?
4203
-17917 (base 12) to base 3
-1201211201
Convert -2961 (base 11) to base 3.
-12020102
Convert -633 (base 11) to base 12.
-536
43015 (base 6) to base 16
16d3
What is 844 (base 13) in base 5?
21113
118a (base 12) to base 4
132322
What is -4141 (base 7) in base 14?
-758
-125 (base 11) to base 14
-a8
Convert 824 (base 11) to base 16.
3e2
What is 3572 (base 8) in base 3?
2121220
Convert 55827 (base 11) to base 10.
80857
Convert -a22 (base 15) to base 13.
-1067
What is -20038 (base 12) in base 10?
-41516
What is -696 (base 15) in base 5?
-21431
2142 (base 8) to base 7
3162
Convert 116f (base 16) to base 3.
20010022
7c23 (base 14) to base 3
1002121200
What is 1a2 (base 12) in base 14?
150
Convert 3042 (base 9) to base 6.
14145
Convert 110100100010111 (base 2) to base 4.
12210113
Convert 1066 (base 16) to base 14.
175c
What is cb1 (base 16) in base 10?
3249
What is -608 (base 16) in base 3?
-2010012
Convert 12002 (base 3) to base 6.
345
What is 11344 (base 8) in base 4?
1023210
Convert 2b77 (base 12) to base 7.
20650
Convert -d62 (base 16) to base 11.
-2635
21545 (base 8) to base 10
9061
Convert -294 (base 14) to base 10.
-522
Convert 286 (base 12) to base 15.
1b0
-6d (base 16) to base 15
-74
What is 14504 (base 7) in base 2?
111110110110
Convert -c2 (base 15) to base 3.
-20202
What is -12310 (base 4) in base 5?
-3221
Convert 328 (base 12) to base 15.
20e
Convert 36034 (base 11) to base 15.
105d1
Convert -134 (base 12) to base 16.
-b8
What is 1110011000 (base 2) in base 4?
32120
Convert 6462 (base 13) to base 15.
41e3
3818 (base 9) to base 15
ca2
What is -119 (base 16) in base 6?
-1145
101010001010 (base 2) to base 16
a8a
What is -10001110010011 (base 2) in base 16?
-2393
Convert 1d79 (base 15) to base 10.
6414
c22 (base 15) to base 7
10652
What is 120346 (base 7) in base 12?
1073a
961 (base 15) to base 7
6112
-54414 (base 8) to base 7
-123314
4a (base 12) to base 9
64
Convert 34323 (base 5) to base 2.
100110011111
32130 (base 4) to base 13
561
Convert -3057 (base 9) to base 10.
-2239
Convert 1408 (base 10) to base 5.
21113
1544 (base 7) to base 10
620
9350 (base 12) to base 5
1003134
Convert 11113221 (base 4) to base 6.
245453
114112 (base 6) to base 5
304410
Convert 3833 (base 13) to base 7.
32165
Convert 2524 (base 8) to base 14.
6d6
What is -12302 (base 4) in base 6?
-2002
Convert 8b0 (base 12) to base 3.
1202120
What is -5053 (base 6) in base 2?
-10001011001
What is 368 (base 16) in base 15?
3d2
75 (base 11) to base 14
5c
What is -2016 (base 9) in base 2?
-10111000001
What is 92a (base 11) in base 14?
5a1
What is 4301 (base 8) in base 10?
2241
Convert -2429 (base 11) to base 2.
-110001101001
-1544 (base 11) to base 14
-a1a
Convert 10659 (base 10) to base 9.
15553
What is -1043 (base 11) in base 10?
-1378
-cf7 (base 16) to base 10
-3319
What is -115345 (base 7) in base 16?
-526f
What is -8c9 (base 15) in base 7?
-5541
112101 (base 5) to base 8
7672
What is -4 (base 16) in base 4?
-10
Convert 2876 (base 10) to base 2.
101100111100
What is 100100011000 (base 2) in base 12?
1420
What is 2086 (base 13) in base 4?
1012120
What is 2374 (base 9) in base 6?
12104
Convert -4221 (base 5) to base 12.
-3a9
-1662 (base 14) to base 2
-111110100110
Convert 425 (base 10) to base 3.
120202
486 (base 12) to base 15
303
What is -4a6 (base 11) in base 8?
-1130
73 (base 8) to base 15
3e
Convert -13275 (base 8) to base 7.
-22654
What is -212242 (base 5) in base 11?
-5453
Convert 12131 (base 6) to base 11.
1381
-437 (base 11) to base 5
-4044
Convert 140a (base 13) to base 6.
21203
-62d (base 15) to base 4
-111301
What is 2817 (base 13) in base 15?
1a96
-918 (base 11) to base 13
-673
Convert -1215 (base 9) to base 3.
-1020112
1376 (base 9) to base 11
867
Convert -24492 (base 11) to base 10.
-35191
-210a9 (base 12) to base 10
-43329
-485 (base 9) to base 10
-401
What is